(-7).
10
Let y(i) = -i - 6. Determine y(-8).
2
Let w(y) = -11*y + 119. What is w(9)?
20
Let g(z) = -z**3 - z**2 + 2*z + 7. Give g(-2).
7
Let p(l) = -27*l**2 + 4. What is p(-2)?
-104
Let p(y) = -7*y + 25. Determine p(9).
-38
Let f(i) = 2*i + 38. Calculate f(-4).
30
Let p(a) = -a**3 + 2*a**2 + 2. Determine p(3).
-7
Let h(q) = q**3 - q**2 + 2. What is h(2)?
6
Let r(b) = 8*b + 32. What is r(-12)?
-64
Let z(g) = -g**3 - 6*g**2 - g + 5. What is z(-4)?
-23
Let k(y) = -y**3 - 13*y**2 + 7. Determine k(-13).
7
Let z(o) = o**2 + 24*o - 76. Give z(3).
5
Let k(x) = 3*x**2 + 27*x - 18. Determine k(-10).
12
Let x(g) = -10*g - 1. Give x(3).
-31
Let k(w) = w - 25. What is k(6)?
-19
Let w(p) = 3*p. Calculate w(-1).
-3
Let r(s) = s**3 - 3*s**2 + s - 7. Determine r(0).
-7
Let t(i) = -i**2 - 19*i + 39. What is t(-21)?
-3
Let r(o) = 3*o - 14. What is r(5)?
1
Let a(z) = -13*z + 3. Give a(-1).
16
Let f(h) = -2*h - 16. What is f(-6)?
-4
Let c(x) = -53*x + 473. Give c(9).
-4
Let y(f) = -8*f - 82. What is y(-11)?
6
Let b(y) = 3*y - 71. Calculate b(26).
7
Let i(f) = 2*f - 8. What is i(6)?
4
Let z(o) = -2*o**3 + 5*o**2 + 3*o + 2. Give z(-1).
6
Let h(t) = t**3 - 7*t**2 + 7*t + 1. Calculate h(5).
-14
Let m(p) = -29*p + 18. What is m(1)?
-11
Let y(o) = -2*o**2 - 14*o + 11. Give y(1).
-5
Let q(l) = l**3 + 9*l**2 - 8. What is q(-8)?
56
Let y(n) = -n + 7. What is y(8)?
-1
Let t(c) = 16*c**2 + 1. Determine t(-1).
17
Let c(t) = -5*t - 22. What is c(-14)?
48
Let k(b) = -2*b**2 + 6*b - 5. What is k(3)?
-5
Let h(q) = 3*q - 65. Give h(29).
22
Let q(h) = -h**2 + 5*h + 6. What is q(6)?
0
Let t(g) = 2*g - 5. Determine t(-5).
-15
Let r(p) = -p**3 + 17*p**2 - 5*p + 81. What is r(17)?
-4
Let h(g) = -17*g**2 - g. Calculate h(1).
-18
Let t(g) = 6*g - 45. What is t(8)?
3
Let i(k) = -k**3 + 19*k**2 + 20*k + 7. Calculate i(20).
7
Let q(o) = -o**3 + 4*o**2 + 8*o + 4. Determine q(7).
-87
Let h(z) = 137*z**3 - 1. What is h(-1)?
-138
Let o(d) = -59*d - 415. Give o(-7).
-2
Let f(d) = d**3 - 3*d**2 + 5*d - 7. Give f(2).
-1
Let r(y) = 5*y - 28. What is r(17)?
57
Let w(m) = -m**2 - 2*m + 3. Determine w(-5).
-12
Let l(k) = k**3 + 11*k**2 - 11*k - 9. Give l(-12).
-21
Let v(c) = -3*c + 47. Determine v(9).
20
Let w(a) = 3*a**3 + 2*a**2 - 3*a - 1. Calculate w(-3).
-55
Let b(u) = u**2 + 12*u. What is b(-9)?
-27
Let r(o) = -4*o**2 + 3*o + 2. What is r(3)?
-25
Let q(d) = d**3 - 4*d**2 - 3*d - 30. Calculate q(5).
-20
Let s(m) = -11*m + 152. Determine s(16).
-24
Let a(w) = 3*w + 45. What is a(-12)?
9
Let c(s) = 5*s**3 - 3*s**2 + 2. Determine c(2).
30
Let w(h) = h**3 + 7*h**2 + 9*h + 8. What is w(-6)?
-10
Let m(q) = q**3 - 6*q**2 + 2*q - 4. Give m(6).
8
Let i(p) = 19*p**2 + 4*p - 1. What is i(-2)?
67
Let g(i) = -i**3 + 7*i**2 + 6*i + 9. Calculate g(8).
-7
Let l(g) = -g**2 + 14*g - 14. Calculate l(9).
31
Let a(t) = -t**3 - 35*t**2 - t - 31. Give a(-35).
4
Let s(v) = v**3 - 2*v**2 + 4. Calculate s(4).
36
Let f(b) = -b**2 - 4*b + 15. What is f(6)?
-45
Let o(r) = r**3 - 5*r**2 + 2*r + 1. Calculate o(4).
-7
Let h(j) = -10*j - 296. Calculate h(-30).
4
Let i(p) = 5*p**2 + p - 2. Determine i(-2).
16
Let q(z) = z**3 - 36*z**2 + 74*z - 211. Calculate q(34).
-7
Let j(s) = 15*s - 504. Calculate j(34).
6
Let v(l) = 5*l + 193. Calculate v(-38).
3
Let s(a) = -a**3 + 7*a**2 + 10*a - 10. Calculate s(8).
6
Let f(l) = -2*l**3 - 22*l**2 + 53*l + 8. Determine f(-13).
-5
Let f(c) = 5*c + 89. Calculate f(-11).
34
Let q(a) = -a**2 - 11*a - 13. Calculate q(-6).
17
Let o(u) = -u**3 + 35*u**2 + 72*u + 68. Determine o(37).
-6
Let b(v) = 2*v + 9. What is b(-3)?
3
Let c(a) = -19*a + 56. What is c(3)?
-1
Let z(h) = 10*h**2 + h + 2. Give z(-1).
11
Let o(a) = -7*a**2 - 6*a + 5. Give o(1).
-8
Let k(o) = -o**2 + 16*o + 40. What is k(19)?
-17
Let z(i) = -i - 26. Determine z(0).
-26
Let p(c) = 6*c - 11. What is p(3)?
7
Let j(s) = s - 8. Calculate j(5).
-3
Let y(i) = i**3 - 5*i**2 - 22*i + 105. Calculate y(5).
-5
Let x(g) = 9*g**3 - g**2 - g - 2. Calculate x(-2).
-76
Let s(t) = -t**2 - t + 1. Give s(-2).
-1
Let v(q) = q**2 - 4*q + 8. Calculate v(6).
20
Let z(s) = -2*s**3 - 11*s**2 + 2*s + 34. What is z(-5)?
-1
Let u(i) = -i**2 + 14*i - 62. What is u(9)?
-17
Let n(j) = -j - 27. Determine n(-25).
-2
Let u(k) = 10*k - 9. Determine u(3).
21
Let c(d) = -2*d**3 - 10*d**2 + 3*d + 6. Give c(-5).
-9
Let a(w) = w**3 + 19*w**2 + 33*w - 23. Give a(-17).
-6
Let n(k) = -k**2 + 2*k + 5. Determine n(4).
-3
Let s(r) = -r**3 + 5*r**2 + 15*r - 20. What is s(7)?
-13
Let i(m) = m - 21. What is i(15)?
-6
Let s(x) = x**3 + 21*x**2 - 24*x - 48. Calculate s(-22).
-4
Let i(c) = -13*c - 109. Determine i(-10).
21
Let n(s) = -19*s. Give n(-5).
95
Let z(a) = -a + 34. Calculate z(30).
4
Let c(s) = 38*s - 1. What is c(-1)?
-39
Let u(d) = -d**3 + 10*d**2 + 12*d - 6. Determine u(11).
5
Let g(i) = -44*i**2 + 1. Give g(1).
-43
Let s(g) = g**3 - 2*g**2 + 2*g - 1. Give s(1).
0
Let g(u) = -u**3 + 6*u**2 + 4*u - 9. What is g(4)?
39
Let l(a) = -2*a**2 - 85*a - 196. Determine l(-40).
4
Let r(c) = -3*c**2 + 12*c + 10. Give r(5).
-5
Let p(g) = -6*g + 7. What is p(7)?
-35
Let a(g) = g**2 + 10*g - 3. Calculate a(-11).
8
Let f(p) = -7*p - 65. Determine f(15).
-170
Let w(u) = -u - 1. Determine w(-2).
1
Let x(j) = -j**2 + 18*j - 5. Determine x(13).
60
Let p(u) = 2*u**3 - 10*u**2 - 12*u - 2. What is p(6)?
-2
Let z(a) = -a - 8. Give z(-13).
5
Let q(t) = -t**3 + 5*t**2 - 12*t + 26. What is q(4)?
-6
Let v(a) = 4*a**2 + 13*a + 21. Determine v(-2).
11
Let d(u) = -u - 14. Give d(-10).
-4
Let i(j) = -2*j + 45. Determine i(21).
3
Let m(o) = -3*o - 56. What is m(-8)?
-32
Let s(c) = 54*c**3 - 2*c**2 - 2*c - 1. Give s(-1).
-55
Let v(y) = y**3 - 16*y**2 + 14*y + 20. Give v(15).
5
Let b(s) = -2*s + 6. Give b(-7).
20
Let i(l) = 7*l**2 - 7*l + 9. Determine i(4).
93
Let p(f) = 3*f**2 + 24*f + 32. What is p(-6)?
-4
Let i(h) = -10*h - 8. Give i(-1).
2
Let j(p) = 5*p - 14. Give j(10).
36
Let m(f) = f**3 - 12*f**2 + 12*f - 1. Give m(11).
10
Let k(r) = -r**3 + 5*r**2 + 4*r + 10. What is k(6)?
-2
Let b(d) = 2*d + 50. Calculate b(0).
50
Let s(p) = 3*p**2 - 27*p + 7. What is s(8)?
-17
Let r(g) = g**3 - 9*g**2 + 12*g + 3. Calculate r(7).
-11
Let s(n) = -n**3 - 13*n**2 - 12*n + 28. Give s(-12).
28
Let g(n) = -n**3 + 17*n**2 - 44*n + 21. Determine g(14).
-7
Let t(p) = p**2 + 3*p + 4. Calculate t(3).
22
Let x(o) = -10*o + 119. What is x(14)?
-21
Let b(l) = l**3 + 4*l**2 + l + 43. What is b(-5)?
13
Let z(a) = 4*a**2 + 6*a + 2. Calculate z(-2).
6
Let c(p) = -7*p + 6. Calculate c(-5).
41
Let u(c) = c**3 - 5*c**2 - 8*c + 7. Determine u(6).
-5
Let t(c) = -c**3 - 4*c**2 - 6*c - 22. Determine t(-4).
2
Let k(a) = 5*a**3 - 5*a**2 - 2*a + 4. Calculate k(2).
20
Let c(r) = -6*r - 3. Give c(1).
-9
Let f(r) = -r**2 - r - 10. What is f(0)?
-10
Let c(t) = -2*t + 4. What is c(3)?
-2
Let q(l) = -3*l - 2. Calculate q(-7).
19
Let f(n) = n**2 + 3*n - 19. Calculate f(-6).
-1
Let a(u) = -5*u**2 + u - 2. Determine a(2).
-20
Let z(g) = -g**3 + 31*g**2 - 2*g + 67. Determine z(31).
5
Let x(y) = 3*y + 8. Determine x(-5).
-7
Let c(b) = 18*b - 68. Give c(5).
22
Let r(s) = s**2 + 10*s + 3. What is r(-10)?
3
Let n(q) = -q**3 + q**2 + q. Determine n(2).
-2
Let k(g) = 2*g**3 - 9*g**2 - 16*g - 19. Calculate k(6).
-7
Let j(f) = -27*f**2 + 17*f + 1. What is j(1)?
-9
Let v(k) = -k**2 + 4*k + 5. Give v(8).
-27
Let b(d) = -6*d + 15. Calculate b(13).
-63
Let k(t) = 2*t**2 - 38*t - 44. Give k(20).
-4
Let d(k) = -15*k**3 + k**2 - 12*k + 11. What is d(1)?
-15
Let k(o) = o - 41. What is k(38)?
-3
Let j(w) = 4*w - 7. What is j(-10)?
-47
Let k(g) = 4*g**2 + 3*g - 14. Give k(2).
8
Let d(b) = -7*b**2. Calculate d(1).
-7
Let j(p) = -7*p - 101. What is j(-17)?
18
Let g(o) = 2*o**2 + 5*o + 9. Give g(-9).
126
Let i(w) = -w + 8. Determine i(6).
2
Let n(y) = -y**3 - 9*y**2 - 6. What is n(-9)?
-6
Let p(h) = -h**3 + 12*h**2 + 20*h - 12. Calculate p(13).
79
Let z(p) = p + 17. Determine z(-15).
2
Let m(t) = t**3 - 9*t**2 - 5*t - 12. Calculate m(10).
38
Let d(z) = -z**3 + 17*z**2 - 18*z + 24. Give d(16).
-8
Let w(h) = -h**3 - 10*h**2 - 6*h + 12. What is w(-9)?
-15
Let z(m) = m**3 - 8*m**2 - 11*m + 31. Calculate z(9).
13
Let d(r) = -10*r + 156. Determine d(16).
-4
Let j(c) = -3*c**3 - c**2 - 2*c - 2. Calculate j(-2).
22
Let s(v) = -7*v - 25. Give s(8).
-81
Let g(q) = q**3 + 7*q**2 